 - 9)/(2/4). Suppose -h*t + 188 = -0*v - 2*v, -151 = -3*t - v. Suppose 2*b - 209 = 5*c - t, -4*b + 372 = 3*c. What is the units digit of b?
0
Let l(q) = q**2 + 3*q + 1. Suppose -s = 3*w - 1, 2*s + 0*w = 3*w + 20. Let i(k) = -k**2 - 4*k - 2. Let f(v) = s*l(v) + 6*i(v). What is the tens digit of f(10)?
6
Let u = 12651 + 5695. What is the ten thousands digit of u?
1
Suppose -3908*w = -3915*w + 41860. What is the tens digit of w?
8
Let r = 9085 + -4589. What is the hundreds digit of r?
4
Let d = 29124 - 16020. What is the hundreds digit of d?
1
Let r = -13914 - -51428. What is the ten thousands digit of r?
3
Let y = 119 + -134. Let w be 2 - (-25)/y - (-1491)/9. Suppose 3*t - 4*a - w = 0, 147 = 3*t + 2*a - 31. What is the tens digit of t?
5
Suppose 426 - 7924 = -46*v. Let i = 1024 - v. What is the tens digit of i?
6
Suppose 5*r - 4*u + 6*u = 596, -587 = -5*r + u. Suppose r*s = 113*s + 290. What is the units digit of s?
8
Let t be ((-380)/(-3))/(6/(3 + 231)). Suppose 25*f = 8710 + t. What is the units digit of f?
6
Suppose -13 = -6*m + 47. Let o = m + -10. Let d(c) = c**3 - c**2 - c + 120. What is the units digit of d(o)?
0
Suppose 5*a + 32 = -4*b, b - 12 = -5*a - 35. What is the thousands digit of (-44 - b)/(2/(-50))?
1
Let b = -1189 + 843. Let g = b - -878. What is the tens digit of g?
3
Let b be (21 + -15)*13/(-2). What is the hundreds digit of 822 + (-2)/(b/(-15) + -3)?
8
Suppose -5*q + 2*l = -13, 0 = 5*q + 4*l - 14 - 5. Suppose 2*v + 334 = 2*f, 2*f - q*v - 251 = 83. What is the units digit of f?
7
What is the ten thousands digit of (-9 + 1)/(1/(-4999)*2)?
1
Let a(o) = 75*o - 2482. What is the tens digit of a(45)?
9
Suppose -o + 5*t = -49494, 471*o = 468*o + 2*t + 148482. What is the ten thousands digit of o?
4
Let z = -29250 + 52673. What is the units digit of z?
3
Suppose -105 = 7*j - 427. Let k = j - -21. What is the tens digit of k?
6
Suppose -3*a + 48 = a. Suppose -a*v + 13*v + 4*m - 55 = 0, 0 = -2*v - m + 75. What is the units digit of v?
5
Let i(l) = 167*l + 8. Let z be i(-2). Let o = z - -1192. What is the tens digit of o?
6
Let v be (-474)/869 - (-54616)/22. Let o = v + -1771. What is the tens digit of o?
1
Suppose f - 421 = -3*n + 1608, f - 2706 = -4*n. Let k = n - 318. What is the tens digit of k?
5
Suppose 2*w - m - 114061 = 0, -2*w + 2*m + 107454 = -6614. What is the hundreds digit of w?
0
Suppose 296*r - 294*r - 12104 = 0. What is the units digit of r?
2
Let m be ((-102)/(-8))/(((-35)/(-20))/7). Let q = m - 51. Suppose q*d - 2*d = -324. What is the hundreds digit of d?
1
What is the units digit of ((-2)/(-3))/((-10)/(-41739)*(-32)/(-160))?
3
Let g = 86 + -82. Let a(m) = m**2 - 6*m - 103. Let l(s) = -3*s**2 + 17*s + 308. Let f(n) = g*l(n) + 11*a(n). What is the tens digit of f(0)?
9
Let c(h) = -h**3 + 28*h**2 + 22*h - 39. Let t(o) = o**3 - 25*o**2 - 21*o + 40. Let x(f) = -5*c(f) - 6*t(f). What is the tens digit of x(6)?
9
Let p(z) = 10*z**2 + 351*z + 250. What is the units digit of p(-57)?
3
Suppose 48*a - 298898 - 8542 = 0. What is the units digit of a?
5
Let r(n) = -726*n - 126 - 143 + 285. What is the hundreds digit of r(-1)?
7
Suppose -z = 3*l - 57317, 3*l - 38702 = -4*z + 18630. What is the units digit of l/208 + (4/(-26))/(-1)?
2
Let a(l) = 13*l**2 - 2*l - 5. Let s(m) = -m - 4. Let n be s(8). Let c = -14 - n. What is the tens digit of a(c)?
5
Suppose -2*h + 12 = 3*x, -h = 2*x - 7*x + 20. Suppose 3*q + x*k - 18 = 0, 2*k = q + 5*k - 11. What is the units digit of -8*(-2)/(q/15)?
0
Suppose -64*h + 338911 = -121121. What is the tens digit of h?
8
Suppose 5*t - 35 = -5*l, 29 = 2*l - 3*t + 2*t. Suppose l = 3*u - 0. Suppose 5*n - 3*n = -u*z + 196, -2*n = 3*z - 192. What is the tens digit of n?
9
Suppose -84416 = -4*q - 5*b, -3152 = -q + 4*b + 17931. What is the thousands digit of q?
1
Let a = 170 - 153. Let k = a - -72. What is the units digit of k?
9
Suppose -5*f + p + 291761 = 0, 4*f - 6257 = -2*p + 227135. What is the hundreds digit of f?
3
Suppose 4*l + 46368 = q, -93*l = -3*q - 90*l + 139113. What is the ten thousands digit of q?
4
Let w(j) = 5*j**2 - j + 1. Suppose -47 = -9*c - 11. Suppose -7*n + 8*n - c = 0. What is the units digit of w(n)?
7
Suppose -7*l = -4*l + c - 432, -l = 4*c - 144. Let o = 366 - l. What is the units digit of o?
2
Let x = -2632 + 5925. What is the tens digit of x?
9
Suppose -60028 = 4*c - 3*a - 204753, -2*c - 3*a + 72349 = 0. What is the tens digit of c?
7
Let x(l) = 152*l - 9. Let w be x(-6). Let u = -649 - w. Suppose 0 = 3*r + r - u. What is the units digit of r?
8
Let v(o) = 34 + 2*o + 0*o - 3*o. Suppose 0 = -3*c - 23*c + 260. What is the units digit of v(c)?
4
Suppose -35*k - 9143 = -251588. What is the thousands digit of k?
6
Let z(j) = -j**3 - 6*j**2 - 2*j - 12. Let y be z(-6). Suppose -3*x - 5*b + 190 + 1556 = y, 2*b + 593 = x. What is the tens digit of x?
8
Let k = 102 - 95. Suppose 0 = -2*y - k*y - 72. What is the tens digit of 9 + y - (-134 + 2)?
3
Let u(n) = -42*n**3 + n**2 + 2*n. Let x be u(-2). Suppose -70*j = 5*h - 75*j + 1155, 0 = -j + 2. Let w = h + x. What is the tens digit of w?
0
Let x(j) = 127*j - 74. Let k(l) = 63*l - 37. Let g(f) = 11*k(f) - 6*x(f). What is the units digit of g(-2)?
5
Suppose -5*y + 92*y = 1272897. What is the thousands digit of y?
4
Suppose c + 5*q - 6751 = 0, -16*q + 9 = -13*q. What is the tens digit of c?
3
Suppose 19*f = 348501 - 122249. Suppose 12*x = -14*x + f. What is the tens digit of x?
5
Suppose -122348 = -41*s + 433899. What is the hundreds digit of s?
5
Let s(i) = -i**3 + 2*i**2 + 2*i + 5. Let v be s(-4). Suppose -v = -6*o + 291. Let k = 10 + o. What is the units digit of k?
4
Suppose 3*w - 2*t = 71408, 0 = 49*w - 53*w + 4*t + 95204. What is the hundreds digit of w?
8
What is the tens digit of (-3)/42 - (-11765)/70?
6
Let a(u) = 294*u**2 + 249*u + 60. What is the hundreds digit of a(-8)?
8
What is the units digit of ((-8175)/30)/((-1 - (-10)/6)/(-4))?
5
Let i(z) = 471*z**2 - 9*z + 10. Suppose -4*f + 3*u - 8 = -3*f, 0 = 2*f - 2*u + 4. What is the units digit of i(f)?
2
Suppose 3*w = 2*y - 70, -2*w + 152 = 4*y + 12. What is the tens digit of (1722/y)/((-1)/((-5)/2))?
2
Suppose -7*u + 9821 = 5*f - 15305, 25108 = 5*f + u. What is the units digit of f?
1
Let w(i) = -i**3 + 4*i**2 - i - 1. Let b be w(3). Suppose -2*p + 8 = -2*m, 2*m - 3*p + 4*p = -b. What is the units digit of (m - 152/6)*-3?
5
Let r = -111 + 98. What is the hundreds digit of 2*(5564/(-24))/r*6?
2
Let c = -499 - -459. What is the hundreds digit of (-1056)/(-80)*c/(-3)?
1
Let s(q) = 11*q**2 - q - 31. Suppose -4*z + 27 = -i, 5*i = -3*z - 13 - 7. What is the hundreds digit of s(i)?
5
Let i be (3/15)/(3/195). Suppose 0 = 3*j - i + 10. What is the hundreds digit of (3*208/60)/(j/10)?
1
Suppose -i = -3*o - 15, -5*o - 25*i + 27*i - 26 = 0. What is the hundreds digit of o/(-10) - (-94760)/100?
9
Let g be -8*(-3*1)/(-10 + 12). What is the tens digit of 208/4 + g/(-4)?
4
Suppose -10*p + 92 = -14*p. Let t = p + 27. Let h = 30 - t. What is the tens digit of h?
2
Suppose 5*u + 4*q - 65633 = 0, -41187 - 24436 = -5*u + q. What is the units digit of u?
5
Suppose -4*y - 16 = -3*x, -2*x - 26 = -5*x + 2*y. Suppose -24354 = -x*z - 6*z. What is the units digit of z?
3
Let k = -157 + 168. Let x(p) = 26*p + 2. What is the units digit of x(k)?
8
Let l(k) = -13*k - 32. Let m be l(-3). Suppose 5*h = m*h - 852. What is the hundreds digit of h?
4
Let x be 0 + 316/28 + 8/(-28). Suppose 1494 = -x*p - 2048. Let u = p - -499. What is the units digit of u?
7
Suppose -2*v = -3*t + 28406, 0 = 3*t + 6*v - 22478 - 5968. What is the tens digit of t?
7
Let n = 79 + -32. Let q(r) = 29*r**2 - 812*r + 6. Let z be q(28). Suppose 1175 = z*m + n. What is the hundreds digit of m?
1
Let t be (1 - (-3)/(-9))*(79 - -8). Let f = 61 - t. Suppose q - 32 = -0*x + 4*x, f*x - 3 = 0. What is the units digit of q?
6
Let b(i) = 77*i**2 - 32*i - 80. What is the thousands digit of b(-6)?
2
Suppose -2*l = -2 - 6. Let v(p) = 38*p + 2. Let n be v(1). Suppose l*m - 252 = n. What is the units digit of m?
3
Let o be (-1)/4*(-1 - (4 + -1)). Let u be o/9 + 227293/99. What is the tens digit of ((-6)/(-24))/(2/u)?
8
Let c(y) = y**3 - 46*y**2 + 6*y - 8. What is the tens digit of c(46)?
6
Suppose 2*b + 93*g = 97*g + 71448, -2*b + 71512 = 4*g. What is the unit